 to base 11.
21
What is 114 (base 14) in base 13?
136
Convert 1 (base 2) to base 13.
1
2 (base 14) to base 7
2
What is 3 (base 14) in base 6?
3
What is 12 (base 4) in base 2?
110
-1 (base 9) to base 10
-1
What is 43 (base 10) in base 4?
223
Convert 0 (base 10) to base 6.
0
What is 16 (base 15) in base 10?
21
43 (base 12) to base 16
33
What is 44 (base 8) in base 5?
121
Convert 1110101 (base 2) to base 12.
99
What is 34 (base 14) in base 8?
56
Convert 3 (base 6) to base 14.
3
What is -18 (base 15) in base 8?
-27
Convert -11101 (base 2) to base 6.
-45
What is -2124 (base 5) in base 9?
-351
8 (base 11) to base 14
8
What is -c (base 16) in base 14?
-c
0 (base 11) to base 7
0
24 (base 6) to base 15
11
Convert 78 (base 12) to base 10.
92
-5 (base 9) to base 7
-5
Convert -35 (base 9) to base 14.
-24
-21101 (base 3) to base 6
-531
What is -13 (base 13) in base 16?
-10
Convert -12 (base 6) to base 2.
-1000
What is 3 (base 13) in base 9?
3
What is -13 (base 4) in base 6?
-11
Convert -6 (base 11) to base 15.
-6
What is 94 (base 14) in base 4?
2002
Convert -4 (base 14) to base 6.
-4
Convert 202 (base 3) to base 15.
15
What is -5 (base 16) in base 10?
-5
What is -5d (base 14) in base 15?
-58
What is 4 (base 9) in base 14?
4
What is -6 (base 13) in base 14?
-6
Convert -30 (base 10) to base 12.
-26
-4 (base 8) to base 10
-4
Convert 73 (base 8) to base 16.
3b
Convert 45 (base 8) to base 7.
52
2 (base 13) to base 4
2
Convert -2 (base 3) to base 5.
-2
Convert -6 (base 13) to base 3.
-20
What is 4 (base 15) in base 13?
4
Convert -5 (base 9) to base 3.
-12
0 (base 11) to base 14
0
What is 8 (base 11) in base 14?
8
-18 (base 12) to base 13
-17
What is -12 (base 11) in base 4?
-31
What is -2 (base 4) in base 13?
-2
-121 (base 8) to base 5
-311
1c (base 13) to base 10
25
Convert 11 (base 6) to base 5.
12
Convert -10000 (base 2) to base 9.
-17
-17 (base 13) to base 2
-10100
-1142 (base 5) to base 3
-20101
What is 52 (base 13) in base 3?
2111
-126 (base 11) to base 14
-a9
What is 134 (base 8) in base 14?
68
Convert 1211 (base 3) to base 11.
45
What is 0 (base 14) in base 2?
0
-2 (base 11) to base 9
-2
Convert -2 (base 6) to base 11.
-2
Convert -10 (base 5) to base 6.
-5
What is -40 (base 13) in base 12?
-44
Convert 1133 (base 4) to base 11.
87
3 (base 16) to base 6
3
Convert -1d (base 15) to base 9.
-31
What is 0 (base 3) in base 16?
0
What is 3 (base 14) in base 5?
3
What is -2 (base 13) in base 5?
-2
Convert -4 (base 7) to base 4.
-10
-28 (base 9) to base 2
-11010
76 (base 15) to base 2
1101111
Convert -111000 (base 2) to base 6.
-132
-9c (base 14) to base 7
-255
21 (base 8) to base 15
12
3 (base 4) to base 6
3
Convert 26 (base 8) to base 15.
17
Convert 6 (base 9) to base 11.
6
What is -14 (base 8) in base 12?
-10
Convert 44 (base 10) to base 13.
35
What is 2 (base 5) in base 8?
2
110 (base 3) to base 4
30
Convert -5 (base 8) to base 5.
-10
6 (base 14) to base 16
6
-2 (base 3) to base 2
-10
-2 (base 16) to base 3
-2
Convert 9 (base 16) to base 8.
11
52 (base 15) to base 8
115
Convert 7 (base 14) to base 9.
7
Convert 3 (base 9) to base 5.
3
What is 21 (base 3) in base 8?
7
What is 13 (base 11) in base 13?
11
0 (base 8) to base 7
0
Convert 34 (base 8) to base 6.
44
What is -422 (base 8) in base 15?
-134
-101 (base 9) to base 13
-64
-121 (base 3) to base 7
-22
1111 (base 2) to base 11
14
Convert a (base 13) to base 5.
20
Convert -2 (base 13) to base 7.
-2
162 (base 10) to base 12
116
1 (base 16) to base 11
1
What is -103 (base 6) in base 13?
-30
What is 21 (base 4) in base 9?
10
-3 (base 7) to base 5
-3
Convert 124 (base 7) to base 16.
43
What is -6 (base 9) in base 2?
-110
-11110101 (base 2) to base 10
-245
Convert -12 (base 5) to base 6.
-11
Convert 62 (base 12) to base 13.
59
243 (base 7) to base 15
89
What is 15 (base 10) in base 2?
1111
Convert -5 (base 16) to base 10.
-5
What is 1 (base 11) in base 2?
1
-1 (base 14) to base 12
-1
Convert -2 (base 16) to base 10.
-2
28 (base 9) to base 15
1b
Convert 238 (base 11) to base 12.
1b7
-10000000 (base 2) to base 4
-2000
4 (base 13) to base 9
4
What is 58 (base 14) in base 13?
60
Convert -2 (base 13) to base 5.
-2
What is 1 (base 14) in base 15?
1
What is 22 (base 6) in base 8?
16
What is 1100 (base 4) in base 8?
120
What is 111010 (base 2) in base 8?
72
What is -31 (base 14) in base 2?
-101011
1 (base 3) to base 11
1
Convert -10 (base 2) to base 12.
-2
Convert -3c (base 13) to base 6.
-123
Convert -3 (base 16) to base 2.
-11
-12 (base 14) to base 5
-31
What is 3 (base 5) in base 7?
3
Convert -3 (base 13) to base 10.
-3
-7 (base 12) to base 16
-7
Convert f (base 16) to base 7.
21
What is -88 (base 12) in base 15?
-6e
What is -11 (base 10) in base 2?
-1011
Convert 0 (base 10) to base 7.
0
27 (base 11) to base 14
21
What is -1 (base 6) in base 2?
-1
60 (base 12) to base 15
4c
-57 (base 15) to base 7
-145
Convert -20 (base 3) to base 14.
-6
Convert -250 (base 8) to base 7.
-330
1 (base 7) to base 16
1
Convert -3 (base 12) to base 7.
-3
What is -15 (base 11) in base 5?
-31
Convert -242 (base 6) to base 8.
-142
Convert 2 (base 12) to base 14.
2
Convert b (base 12) to base 3.
102
Convert 0 (base 6) to base 7.
0
Convert 2 (base 14) to base 9.
2
What is -d5 (base 16) in base 7?
-423
Convert -14 (base 8) to base 5.
-22
What is -2 (base 5) in base 16?
-2
1101 (base 3) to base 16
25
-2 (base 8) to base 2
-10
27 (base 9) to base 10
25
1011 (base 2) to base 8
13
What is -4 (base 6) in base 7?
-4
Convert 2 (base 15) to base 12.
2
What is 2 (base 5) in base 13?
2
Convert 3f (base 16) to base 15.
43
Convert 0 (base 2) to base 6.
0
Convert 54 (base 16) to base 9.
103
-3 (base 10) to base 11
-3
Convert -87 (base 10) to base 12.
-73
Convert 1 (base 7) to base 13.
1
1 (base 15) to base 2
1
7 (base 12) to base 6
11
-56 (base 15) to base 9
-100
1 (base 9) to base 11
1
What is 104 (base 5) in base 16?
1d
What is -1c (base 15) in base 11?
-25
What is 1101001 (base 2) in base 6?
253
7 (base 16) to base 9
7
What is 2 (base 7) in base 2?
10
10 (base 4) to base 10
4
-1 (base 14) to base 8
-1
Convert -1 (base 7) to base 4.
-1
What is 8d (base 15) in base 7?
250
Convert -156 (base 13) to base 12.
-180
What is 30 (base 16) in base 15?
33
3 (base 9) to base 13
3
What is -17 (base 12) in base 15?
-14
Convert 2 (base 12) to base 7.
2
-20 (base 5) to base 14
-a
1255 (base 6) to base 4
11003
Convert 111100 (base 2) to base 13.
48
What is 2 (base 6) in base 4?
2
Convert 1000 (base 3) to base 6.
43
Convert -d (base 15) to base 8.
-15
What is -47 (base 8) in base 6?
-103
-c (base 13) to base 4
-30
Convert 4 (base 9) to base 5.
4
Convert 1100011 (base 2) to base 6.
243
21 (base 16) to base 14
25
What is 245 (base 7) in base 9?
155
-168 (base 15) to base 12
-22b
Convert -33 (base 10) to base 4.
-201
Convert -4 (base 8) to base 4.
-10
Convert 340 (base 7) to base 11.
14a
What is -100 (base 2) in base 10?
-4
-2 (base 7) to base 10
-2
-4 (base 5) to base 8
-4
What is -1 (base 6) in base 3?
-1
What is 213 (base 5) in base 11?
53
3 (base 4) to base 6
3
Convert 28 (base 11) to base 5.
110
Convert 7 (base 11) to base 14.
7
18 (base 15) to base 5
43
Convert -14 (base 7) to base 2.
-1011
What is -1010 (base 2) in base 6?
-14
What is -1 (base 3) in base 8?
-1
110101 (base 2) to base 3
1222
Convert -6e (base 16) to base 14.
-7c
Convert -10 (base 5) to base 4.
-11
What is -12 (base 4) in base 11?
-6
Convert 104 (base 5) to base 10.
29
2 (base 3) to base 15
2
What is 4 (base 10) in base 2?
100
111 (base 5) to base 16
1f
What is 41 (base 6) in base 4?
121
What is 0 (base 8) in base 7?
0
-4 (base 15) to base 11
-4
What is -202 (base 3) in base 14?
-16
-3 (base 10) to base 9
-3
Convert 0 (base 6) to base 4.
0
1011000 (base 2) to base 13
6a
40 (base 7) to base 5
103
10 (base 14) to base 12
12
Convert -2 (base 13) to base 9.
-2
11 (base 8) to base 11
9
-3 (base 12) to base 3
-10
-21 (base 4) to base 2
-1001
What is 101 (base 3) in base 12?
a
What is 451 (base 6) in base 7?
340
What is 45 (base 16) in base 6?
153
What is 2 (base 6) in base 9?
2
What is -21 (base 9) in base 13?
-16
-4 (base 12) to base 9
-4
Convert 0 (base 15) to base 11.
0
-2 (base 12) to base 8
-2
What is 16 (base 7) in base 14?
d
Convert 1001011 (base 2) to base 13.
5a
Convert 1011 (base 2) to base 6.
15
Co